igit of 408894370?
8
What is the hundred millions digit of 142086142?
1
What is the hundred thousands digit of 6010669162?
6
What is the billions digit of 4557532786?
4
What is the billions digit of 1597817350?
1
What is the millions digit of 114801397?
4
What is the billions digit of 5498880956?
5
What is the millions digit of 837222709?
7
What is the tens digit of 3175457807?
0
What is the hundred thousands digit of 2591372829?
3
What is the ten millions digit of 214683516?
1
What is the units digit of 912260121?
1
What is the thousands digit of 2516149591?
9
What is the hundred millions digit of 4612898750?
6
What is the units digit of 1635628607?
7
What is the ten millions digit of 892241087?
9
What is the ten millions digit of 416385196?
1
What is the ten thousands digit of 3403753841?
5
What is the hundreds digit of 1811575729?
7
What is the thousands digit of 61966735?
6
What is the tens digit of 286919559?
5
What is the ten millions digit of 794019665?
9
What is the tens digit of 82946956?
5
What is the ten millions digit of 349814951?
4
What is the ten millions digit of 621873908?
2
What is the hundreds digit of 1167921311?
3
What is the hundred thousands digit of 51013143?
0
What is the units digit of 38251576?
6
What is the ten millions digit of 163402918?
6
What is the hundred millions digit of 819910350?
8
What is the units digit of 1872995569?
9
What is the units digit of 81190201?
1
What is the hundred thousands digit of 4121827997?
8
What is the tens digit of 127790686?
8
What is the hundred thousands digit of 92651574?
6
What is the millions digit of 5707975?
5
What is the hundreds digit of 286145703?
7
What is the hundred thousands digit of 128470357?
4
What is the ten millions digit of 641052374?
4
What is the millions digit of 37921458?
7
What is the tens digit of 89532029?
2
What is the millions digit of 1475884464?
5
What is the hundred thousands digit of 38228358?
2
What is the units digit of 8021506488?
8
What is the thousands digit of 136523435?
3
What is the ten millions digit of 194727704?
9
What is the units digit of 556678643?
3
What is the units digit of 77054636?
6
What is the billions digit of 1311562497?
1
What is the hundreds digit of 484112297?
2
What is the units digit of 613156041?
1
What is the hundred millions digit of 5788208716?
7
What is the units digit of 2521770987?
7
What is the ten millions digit of 21424927?
2
What is the hundred thousands digit of 871575945?
5
What is the hundreds digit of 2899794976?
9
What is the hundred thousands digit of 516791400?
7
What is the hundred thousands digit of 131809185?
8
What is the hundreds digit of 4279285510?
5
What is the thousands digit of 153795474?
5
What is the hundred thousands digit of 18489163?
4
What is the millions digit of 789626761?
9
What is the millions digit of 61110419?
1
What is the hundreds digit of 59514408?
4
What is the units digit of 302230589?
9
What is the units digit of 112058207?
7
What is the hundreds digit of 201632251?
2
What is the ten thousands digit of 2637223212?
2
What is the ten thousands digit of 767881569?
8
What is the units digit of 54327459?
9
What is the ten millions digit of 534470538?
3
What is the units digit of 421568656?
6
What is the hundred millions digit of 100764841?
1
What is the units digit of 56363234?
4
What is the millions digit of 55626348?
5
What is the tens digit of 8965137?
3
What is the ten millions digit of 1018042127?
1
What is the hundred thousands digit of 695926661?
9
What is the hundred thousands digit of 126198408?
1
What is the millions digit of 68504171?
8
What is the tens digit of 1830322576?
7
What is the hundreds digit of 1913451548?
5
What is the tens digit of 21961457?
5
What is the millions digit of 5698727064?
8
What is the hundred thousands digit of 2162116264?
1
What is the ten thousands digit of 254733970?
3
What is the hundreds digit of 794749531?
5
What is the tens digit of 80353466?
6
What is the ten millions digit of 424925635?
2
What is the ten millions digit of 7601493665?
0
What is the millions digit of 711850182?
1
What is the millions digit of 1818382376?
8
What is the thousands digit of 194683980?
3
What is the ten thousands digit of 404083926?
8
What is the hundreds digit of 193587326?
3
What is the tens digit of 291320929?
2
What is the hundred thousands digit of 1012834585?
8
What is the millions digit of 27319513?
7
What is the hundreds digit of 440029994?
9
What is the hundred millions digit of 491353925?
4
What is the hundred millions digit of 228899273?
2
What is the thousands digit of 558342405?
2
What is the units digit of 1035414427?
7
What is the hundred millions digit of 199741571?
1
What is the hundred thousands digit of 678377?
6
What is the hundred thousands digit of 142837693?
8
What is the tens digit of 33447678?
7
What is the millions digit of 322458079?
2
What is the ten thousands digit of 2523495594?
9
What is the ten thousands digit of 3614659790?
5
What is the hundred thousands digit of 148344804?
3
What is the thousands digit of 889403545?
3
What is the tens digit of 4018216575?
7
What is the millions digit of 743545807?
3
What is the tens digit of 321933351?
5
What is the millions digit of 1054859897?
4
What is the millions digit of 1440575299?
0
What is the hundred thousands digit of 42778185?
7
What is the hundred thousands digit of 21496665?
4
What is the millions digit of 84158976?
4
What is the hundreds digit of 3630216?
2
What is the ten thousands digit of 27756869?
5
What is the units digit of 714071219?
9
What is the units digit of 47560802?
2
What is the ten millions digit of 81146824?
8
What is the millions digit of 278258668?
8
What is the hundred thousands digit of 35181254?
1
What is the tens digit of 19050780?
8
What is the hundreds digit of 776677448?
4
What is the ten millions digit of 75968293?
7
What is the thousands digit of 862462875?
2
What is the hundreds digit of 134299922?
9
What is the thousands digit of 49020490?
0
What is the tens digit of 72365716?
1
What is the tens digit of 1036008100?
0
What is the millions digit of 214653258?
4
What is the hundreds digit of 223700?
7
What is the hundred thousands digit of 117712003?
7
What is the thousands digit of 1717929825?
9
What is the ten millions digit of 80455093?
8
What is the billions digit of 2981733618?
2
What is the hundreds digit of 81328410?
4
What is the ten millions digit of 16564317?
1
What is the units digit of 3075413920?
0
What is the hundred thousands digit of 47132304?
1
What is the ten millions digit of 17564068?
1
What is the ten thousands digit of 1401796510?
9
What is the thousands digit of 86381029?
1
What is the hundreds digit of 13252546?
5
What is the ten thousands digit of 170121071?
2
What is the thousands digit of 89503958?
3
What is the tens digit of 49327262?
6
What is the millions digit of 86007403?
6
What is the ten thousands digit of 731559197?
5
What is the thousands digit of 502219828?
9
What is the tens digit of 42729593?
9
What is the hundred thousands digit of 104657368?
6
What is the tens digit of 783138264?
6
What is the tens digit of 3932286670?
7
What is the hundred millions digit of 528260419?
5
What is the millions digit of 689670168?
9
What is the ten millions digit of 2953258806?
5
What is the units digit of 68410371?
1
What is the thousands digit of 145733435?
3
What is the thousands digit of 15726521?
6
What is the thousands digit of 1793519586?
9
What is the units digit of 3541855459?
9
What is the tens digit of 68043916?
1
What is the hundreds digit of 1607528004?
0
What is the millions digit of 760318091?
0
What is the tens digit of 2444663677?
7
What is the ten thousands digit of 159172720?
7
What is the billions digit of 2204383868?
2
What is the hundreds digit of 60013804?
8
What is the hundreds digit of 825398811?
8
What is the hundred millions digit of 953806488?
9
What is the millions digit of 383049384?
3
What is the ten thousands digit of 1931533340?
3
What is the thousands digit of 1601285181?
5
What is the hundred thousands digit of 100707793?
7
What is the millions digit of 121922464?
1
What is the tens digit of 129880815?
1
What is the tens digit of 4133225863?
6
What is the hundred millions digit of 1085682015